-6?
723b
In base 15, what is -8c + 8b3?
826
In base 12, what is -1 + 1354b?
1354a
In base 8, what is -1 + -1674752?
-1674753
In base 16, what is 1724 - 15?
170f
In base 14, what is 905 + -165c?
-b57
In base 12, what is -1 - -3a2b?
3a2a
In base 16, what is 5 + 47f?
484
In base 2, what is -111110011110 + -101011?
-111111001001
In base 16, what is 5 - -199a?
199f
In base 9, what is 5 + 1510787?
1510803
In base 5, what is 22123 + 3410?
31033
In base 6, what is 1504453 - -5?
1504502
In base 2, what is -10100011010 + -1110?
-10100101000
In base 13, what is -3 - -3130a4?
3130a1
In base 2, what is 1010001100001 - -101001111?
1010110110000
In base 4, what is 1203 - 2021?
-212
In base 2, what is 1011111 + 1111011000111?
1111100100110
In base 7, what is -302 - 111130?
-111432
In base 4, what is -1 - 102223323?
-102223330
In base 14, what is 1229 - -48?
1273
In base 14, what is -d - -7d3?
7c4
In base 9, what is -35464 + 6?
-35457
In base 4, what is -113113 + 10001?
-103112
In base 10, what is -2 + -13041?
-13043
In base 15, what is -3590 + -80?
-3620
In base 3, what is 1022 - -1022111?
1100210
In base 3, what is 20202212010200 + 12?
20202212010212
In base 11, what is -1aa + 16a?
-40
In base 16, what is -28b7 + -50?
-2907
In base 10, what is 5973 + -66?
5907
In base 4, what is -103 - -102001130?
102001021
In base 5, what is 3 + -32031?
-32023
In base 16, what is 9 + 14b?
154
In base 10, what is 16953 + -138?
16815
In base 5, what is -20 - 232033?
-232103
In base 14, what is 6 + -1739?
-1733
In base 8, what is 3773771 + 3?
3773774
In base 2, what is -1011 - -1100000000?
1011110101
In base 10, what is -39 + 103050?
103011
In base 10, what is -4 - 85070?
-85074
In base 10, what is -10519 - -186?
-10333
In base 16, what is d - -1345?
1352
In base 11, what is -165a34 - -2?
-165a32
In base 6, what is -1130 - 2432?
-4002
In base 8, what is -4 + 2114060?
2114054
In base 7, what is -5 - 416225?
-416233
In base 5, what is -1240022 + 1?
-1240021
In base 16, what is -367 + a39?
6d2
In base 12, what is 6 + -a8b4?
-a8aa
In base 16, what is 2e58 - 5?
2e53
In base 7, what is 4 - -65223?
65230
In base 10, what is 10 - 1511?
-1501
In base 14, what is 325c9 + -5?
325c4
In base 5, what is -140221 - 1301?
-142022
In base 5, what is -410 - -10142?
4232
In base 12, what is 899a + a?
89a8
In base 5, what is -2 + -31412334?
-31412341
In base 4, what is -21 - -1321332?
1321311
In base 13, what is -13 + -28509?
-2851c
In base 7, what is 16 - 420050?
-420031
In base 11, what is -2a + -10a1?
-1120
In base 12, what is -1171 + 1547?
396
In base 12, what is -12 - -21694?
21682
In base 9, what is -5 - 1351746?
-1351752
In base 2, what is 101001000 + 10111?
101011111
In base 14, what is -1270 - -8?
-1266
In base 10, what is -624 + -373?
-997
In base 2, what is 100010 - 1101100?
-1001010
In base 8, what is -57 - 302?
-361
In base 2, what is -1010010010000 - 111011?
-1010011001011
In base 15, what is -205c - -59?
-2003
In base 15, what is -10d328 + -3?
-10d32b
In base 5, what is -311021 - -1?
-311020
In base 13, what is -7702 - 3?
-7705
In base 6, what is -22 - -355?
333
In base 5, what is -22 + -122234?
-122311
In base 2, what is 111011011110001111100 - -11?
111011011110001111111
In base 16, what is 4 + 1dc00?
1dc04
In base 11, what is 5712 + 654?
6266
In base 10, what is -28 + -35912?
-35940
In base 9, what is 2577 + -7?
2570
In base 12, what is 1a + -81?
-63
In base 10, what is -74403 - 5?
-74408
In base 5, what is -34 - -311?
222
In base 11, what is 6 + 635?
640
In base 16, what is -1c089 - 0?
-1c089
In base 3, what is 1201011 - 10210?
1120101
In base 2, what is 1000 - -101111011110111?
101111011111111
In base 9, what is 623 + -1600?
-866
In base 13, what is 1437 + -24?
1413
In base 10, what is 690 + -1216?
-526
In base 7, what is 110116 - -3?
110122
In base 6, what is -10 + 1512?
1502
In base 4, what is -10303320 + -3?
-10303323
In base 5, what is 1211003 - -13?
1211021
In base 15, what is 42064 - 0?
42064
In base 9, what is -4407 + -3?
-4411
In base 4, what is 13302 + 113221?
133123
In base 14, what is -27 + -80?
-a7
In base 3, what is -1011100 + 20?
-1011010
In base 5, what is 4 - 1013233?
-1013224
In base 11, what is 28852 + -2?
28850
In base 3, what is 2011102010121 - 0?
2011102010121
In base 4, what is -2002323 + 2021?
-2000302
In base 12, what is -611b1 - 1?
-611b2
In base 6, what is 121 - 201413?
-201252
In base 14, what is -3b - 438c?
-43c9
In base 7, what is 11 - 55102?
-55061
In base 14, what is -3 + -5b325?
-5b328
In base 14, what is 19 - -605?
620
In base 5, what is -42 - 42111?
-42203
In base 5, what is -104443 + -233?
-110231
In base 10, what is 339 + -437?
-98
In base 2, what is 11101100 - -11101000?
111010100
In base 11, what is -30 + -5677?
-56a7
In base 9, what is -273 + 12?
-261
In base 3, what is -1001 + 212011222?
212010221
In base 10, what is 45 - -374?
419
In base 6, what is -53443212 - 11?
-53443223
In base 7, what is -1 - -42443?
42442
In base 14, what is -6 - 49c?
-4a4
In base 8, what is 24622 - 2?
24620
In base 15, what is 5 - 7181a?
-71815
In base 2, what is -111 - -10100101000111?
10100101000000
In base 12, what is b10 + -31?
a9b
In base 13, what is 1264bc - -5?
1264c4
In base 2, what is -10000 + 10011111011100100?
10011111011010100
In base 13, what is 5274 + -2c?
5245
In base 14, what is 24d - -12?
261
In base 10, what is 26 + -9504?
-9478
In base 4, what is -100 + -1100111?
-1100211
In base 6, what is -5244 + 14044?
4400
In base 2, what is -100001101110 - -1110?
-100001100000
In base 12, what is -40 - 82?
-102
In base 15, what is -60c3 - -4?
-60be
In base 6, what is -5320204 - 0?
-5320204
In base 10, what is -12 + -11588?
-11600
In base 16, what is -5 + 48c37?
48c32
In base 16, what is -4697b - 2?
-4697d
In base 11, what is -9 + -614a0?
-614a9
In base 12, what is -10a + 295?
187
In base 5, what is -2 - 320341?
-320343
In base 5, what is 10 + -21140?
-21130
In base 3, what is 1221110210 - -10?
1221110220
In base 2, what is 10011011110010 + 110000?
10011100100010
In base 13, what is 2891 - b?
2883
In base 16, what is -2 + -11ee7?
-11ee9
In base 15, what is -29 - -29cd?
29a4
In base 7, what is 2241410 + -1?
2241406
In base 3, what is 211110220010 - -11?
211110220021
In base 4, what is -3003223 + -3?
-3003232
In base 8, what is 10 + 23044?
23054
In base 7, what is -3251 + -3?
-3254
In base 14, what is 46 - a415?
-a3ad
In base 14, what is -3912 + -3?
-3915
In base 3, what is 22221 - -21200?
121121
In base 6, what is 11 + -11250050?
-11250035
In base 4, what is 131311 - -1302?
133213
In base 16, what is -19cb - -16?
-19b5
In base 15, what is -4 + -3ab11?
-3ab15
In base 14, what is -1359c - -5?
-13597
In base 9, what is 1 + -174255?
-174254
In base 10, what is -4 - 20639?
-20643
In base 12, what is -418a99 - 1?
-418a9a
In base 12, what is -1537 + -91?
-1608
In base 14, what is 1a55 - -275?
1cca
In base 6, what is 30 + -2415105?
-2415035
In base 2, what is -10 + 1011010001001?
1011010000111
In base 13, what is abca - 8?
abc2
In base 15, what is d76e1 - 3?
d76dd
In base 11, what is 762a + -a?
7620
In base 4, what is -31010200 - 1121?
-31011321
In base 16, what is -b1f + 1c?
-b03
In base 3, what is 10000 - -1022220121?
1100000121
In base 5, what is 10200203 + 1?
10200204
In base 10, what is -6821 + 152?
-6669
In base 10, what is -18724 - -2?
-18722
In base 10, what is -5 - -4008?
4003
In base 10, what is -124 + 1963?
1839
In base 14, what is -1 + -d7b5?
-d7b6
In base 6, what is -1153 + 224433?
223240
In base 11, what is -21 - 1a12?
-1a33
In base 7, what is 261225 - 3?
261222
In base 7, what is -1644 - 3613?
-5560
In base 16, what is 1a23e - -3?
1a241
In base 4, what is -31003 + -132?
-31201
In base 10, what is -3595 - 26?
-3621
In base 11, what is 7942 + 69?
7a00
In base 4, what is -101112232 - -1?
-101112231
In base 15, what is -3 + 11058?
11055
In base 13, what is 0 - -14242?
14242
In base 14, what is a65 + -5?
a60
In base 16, what is -4 - 5b0?
-5b4
In base 11, what is 2382 + -30?
2352
In base 3, what is 11 + -2010111112?
-2010111101
In base 15, what is 50 + 35?
85
In base 5, what is 121340 + -42?
121243
In base 6, what is -400511 - 3?
-400514
In base 4, what is -1331 - 0?
-1331
In base 5, what is -22320 - -44?
-22221
In base 6, what is 0 + -303403?
-303403
I